{"id":30,"date":"2022-08-04T18:27:57","date_gmt":"2022-08-04T18:27:57","guid":{"rendered":"http:\/\/postosjk.com.br\/?page_id=30"},"modified":"2022-08-15T16:14:45","modified_gmt":"2022-08-15T16:14:45","slug":"home","status":"publish","type":"page","link":"https:\/\/postosjk.com.br\/","title":{"rendered":"IN\u00cdCIO"},"content":{"rendered":"<div class=\"col-md-5\">\n<h2 style=\"text-align: left;\">\u00a0 \u00a0 \u00a0 \u00a0 \u00a0 \u00a0 \u00a0 \u00a0 \u00a0 \u00a0 PARCEIRO<\/h2>\n<h3>JK INCORPORATION<\/h3>\n<h6><strong>Gestora de participa\u00e7\u00f5es sociais com objetivo de organizar, controlar, desenvolver, gerir e centralizar \u00e0 propriedade de bens ativos.<\/strong><\/h6>\n<p><\/p>\n<\/div>\n\n\n<figure class=\"wp-block-image size-full is-resized\"><img loading=\"lazy\" decoding=\"async\" src=\"http:\/\/postosjk.com.br\/wp-content\/uploads\/2022\/08\/sobre-logo.png\" alt=\"\" class=\"wp-image-80\" width=\"362\" height=\"369\" srcset=\"https:\/\/postosjk.com.br\/wp-content\/uploads\/2022\/08\/sobre-logo.png 395w, https:\/\/postosjk.com.br\/wp-content\/uploads\/2022\/08\/sobre-logo-294x300.png 294w\" sizes=\"auto, (max-width: 362px) 100vw, 362px\" \/><\/figure>\n","protected":false},"excerpt":{"rendered":"<p>\u00a0 \u00a0 \u00a0 \u00a0 \u00a0 \u00a0 \u00a0 \u00a0 \u00a0 \u00a0 PARCEIRO JK INCORPORATION Gestora de participa\u00e7\u00f5es sociais com objetivo de organizar, controlar, desenvolver, gerir e centralizar \u00e0 propriedade de bens ativos.<\/p>\n","protected":false},"author":1,"featured_media":83,"parent":0,"menu_order":0,"comment_status":"closed","ping_status":"closed","template":"","meta":{"om_disable_all_campaigns":false,"_monsterinsights_skip_tracking":false,"_monsterinsights_sitenote_active":false,"_monsterinsights_sitenote_note":"","_monsterinsights_sitenote_category":0,"footnotes":""},"class_list":["post-30","page","type-page","status-publish","has-post-thumbnail","hentry"],"aioseo_notices":[],"_links":{"self":[{"href":"https:\/\/postosjk.com.br\/index.php\/wp-json\/wp\/v2\/pages\/30","targetHints":{"allow":["GET"]}}],"collection":[{"href":"https:\/\/postosjk.com.br\/index.php\/wp-json\/wp\/v2\/pages"}],"about":[{"href":"https:\/\/postosjk.com.br\/index.php\/wp-json\/wp\/v2\/types\/page"}],"author":[{"embeddable":true,"href":"https:\/\/postosjk.com.br\/index.php\/wp-json\/wp\/v2\/users\/1"}],"replies":[{"embeddable":true,"href":"https:\/\/postosjk.com.br\/index.php\/wp-json\/wp\/v2\/comments?post=30"}],"version-history":[{"count":11,"href":"https:\/\/postosjk.com.br\/index.php\/wp-json\/wp\/v2\/pages\/30\/revisions"}],"predecessor-version":[{"id":140,"href":"https:\/\/postosjk.com.br\/index.php\/wp-json\/wp\/v2\/pages\/30\/revisions\/140"}],"wp:featuredmedia":[{"embeddable":true,"href":"https:\/\/postosjk.com.br\/index.php\/wp-json\/wp\/v2\/media\/83"}],"wp:attachment":[{"href":"https:\/\/postosjk.com.br\/index.php\/wp-json\/wp\/v2\/media?parent=30"}],"curies":[{"name":"wp","href":"https:\/\/api.w.org\/{rel}","templated":true}]}}